mon divisor of 25 and 5.
5
What is the greatest common factor of 540 and 40?
20
What is the greatest common divisor of 1106 and 182?
14
Calculate the greatest common factor of 39 and 39.
39
What is the greatest common factor of 38 and 1482?
38
What is the highest common factor of 26 and 182?
26
What is the greatest common factor of 736 and 32?
32
Calculate the greatest common factor of 3 and 21.
3
What is the highest common factor of 1969 and 179?
179
Calculate the highest common divisor of 34 and 1003.
17
Calculate the highest common factor of 1260 and 1620.
180
What is the greatest common divisor of 138 and 92?
46
Calculate the highest common factor of 185 and 74.
37
What is the highest common divisor of 9 and 1632?
3
Calculate the highest common factor of 19 and 4617.
19
Calculate the greatest common divisor of 378 and 84.
42
Calculate the greatest common factor of 114 and 48.
6
Calculate the highest common divisor of 536 and 335.
67
What is the greatest common factor of 11 and 35453?
11
Calculate the highest common factor of 1887 and 74.
37
Calculate the highest common factor of 11664 and 48.
48
What is the highest common factor of 64 and 512?
64
What is the greatest common factor of 3364 and 116?
116
What is the greatest common factor of 1272 and 48?
24
Calculate the highest common factor of 188 and 799.
47
What is the highest common divisor of 6 and 1086?
6
Calculate the greatest common factor of 50 and 450.
50
Calculate the greatest common factor of 90 and 126.
18
What is the greatest common divisor of 68 and 6?
2
Calculate the greatest common factor of 34 and 21607.
17
What is the greatest common divisor of 42 and 5306?
14
Calculate the greatest common factor of 11 and 1661.
11
Calculate the highest common divisor of 296 and 407.
37
What is the highest common divisor of 15 and 5295?
15
Calculate the greatest common factor of 2682 and 54.
18
What is the greatest common factor of 437 and 414?
23
Calculate the highest common divisor of 155 and 713.
31
What is the greatest common divisor of 23 and 3979?
23
What is the highest common divisor of 8 and 968?
8
Calculate the highest common factor of 168 and 1428.
84
What is the greatest common divisor of 105 and 245?
35
What is the highest common divisor of 110 and 33?
11
Calculate the highest common factor of 246 and 18.
6
What is the highest common divisor of 1435 and 820?
205
Calculate the highest common factor of 114 and 2850.
114
What is the greatest common divisor of 168 and 54348?
84
Calculate the highest common factor of 22 and 143.
11
Calculate the highest common factor of 3366 and 1782.
198
What is the greatest common factor of 252 and 8280?
36
Calculate the highest common divisor of 447 and 3.
3
Calculate the highest common divisor of 10 and 810.
10
What is the highest common divisor of 8 and 76?
4
What is the highest common divisor of 11 and 99?
11
What is the greatest common factor of 1184 and 32?
32
Calculate the highest common divisor of 50 and 3450.
50
Calculate the highest common factor of 714 and 42.
42
Calculate the greatest common divisor of 520 and 40.
40
Calculate the greatest common divisor of 76 and 551.
19
What is the highest common divisor of 22 and 4?
2
Calculate the highest common divisor of 1356 and 12.
12
What is the greatest common factor of 7 and 2051?
7
What is the greatest common divisor of 2862 and 424?
106
Calculate the greatest common factor of 3 and 3327.
3
What is the greatest common divisor of 17185 and 35?
35
Calculate the greatest common divisor of 360 and 10000.
40
Calculate the greatest common factor of 12 and 6348.
12
Calculate the highest common factor of 126 and 14.
14
Calculate the greatest common factor of 68 and 782.
34
Calculate the greatest common divisor of 162 and 2.
2
Calculate the greatest common divisor of 26 and 104.
26
Calculate the highest common factor of 171 and 162.
9
Calculate the greatest common factor of 98 and 2254.
98
What is the greatest common factor of 27 and 135?
27
What is the greatest common divisor of 897 and 858?
39
What is the highest common divisor of 295 and 1357?
59
Calculate the highest common factor of 3130 and 30.
10
What is the greatest common factor of 3016 and 104?
104
Calculate the greatest common divisor of 279 and 527.
31
What is the greatest common divisor of 192 and 60?
12
What is the highest common factor of 48 and 128?
16
Calculate the highest common factor of 11189 and 134.
67
What is the greatest common divisor of 14 and 1267?
7
What is the highest common divisor of 156 and 252?
12
What is the greatest common divisor of 299 and 13?
13
Calculate the highest common divisor of 2555 and 315.
35
Calculate the highest common factor of 1792 and 112.
112
What is the highest common factor of 448 and 70?
14
Calculate the highest common factor of 159 and 6.
3
What is the greatest common factor of 287 and 1?
1
Calculate the greatest common divisor of 325 and 143.
13
Calculate the greatest common divisor of 3132 and 1131.
87
Calculate the greatest common divisor of 410 and 82.
82
What is the greatest common divisor of 2032 and 24?
8
Calculate the greatest common divisor of 26 and 2327.
13
What is the greatest common divisor of 12 and 258?
6
What is the greatest common divisor of 47 and 1457?
47
What is the greatest common factor of 21 and 3836?
7
What is the highest common divisor of 25 and 675?
25
What is the highest common divisor of 32490 and 180?
90
Calculate the highest common divisor of 342 and 152.
38
Calculate the greatest common factor of 36 and 4392.
36
What is the greatest common factor of 18 and 822?
6
What is the greatest common factor of 200 and 80?
40
What is the highest common factor of 25 and 20?
5
Calculate the greatest common divisor of 76 and 380.
76
Calculate the highest common divisor of 16 and 392.
8
What is the greatest common divisor of 151 and 151?
151
Calculate the greatest common divisor of 3370 and 2359.
337
Calculate the highest common divisor of 925 and 400.
25
Calculate the highest common factor of 1272 and 18.
6
What is the highest common divisor of 12234 and 12?
6
Calculate the highest common factor of 4 and 36.
4
Calculate the highest common factor of 48 and 432.
48
What is the highest common divisor of 12 and 1884?
12
Calculate the greatest common factor of 130 and 1430.
130
Calculate the highest common factor of 11 and 2189.
11
Calculate the highest common factor of 31 and 775.
31
What is the highest common divisor of 114 and 4?
2
Calculate the greatest common factor of 192 and 6.
6
What is the greatest common factor of 1358 and 14?
14
What is the highest common divisor of 112 and 42?
14
What is the highest common divisor of 72 and 11844?
36
Calculate the greatest common divisor of 34 and 51.
17
What is the greatest common divisor of 172 and 4945?
43
What is the greatest common factor of 9 and 9?
9
Calculate the highest common factor of 1053 and 18.
9
Calculate the highest common divisor of 8733 and 369.
123
What is the greatest common divisor of 268 and 1474?
134
What is the greatest common factor of 799 and 34?
17
Calculate the highest common factor of 40 and 25.
5
What is the highest common factor of 551 and 29?
29
What is the highest common divisor of 309 and 15?
3
What is the greatest common factor of 11 and 649?
11
Calculate the highest common divisor of 5 and 7.
1
Calculate the greatest common divisor of 4352 and 68.
68
What is the greatest common divisor of 444 and 3?
3
What is the greatest common factor of 174 and 986?
58
Calculate the highest common divisor of 675 and 14445.
135
What is the greatest common factor of 304 and 1064?
152
Calculate the highest common factor of 7 and 224.
7
Calculate the greatest common factor of 300 and 60.
60
Calculate the highest common divisor of 75 and 11525.
25
What is the highest common divisor of 164 and 4?
4
Calculate the greatest common divisor of 1 and 37.
1
What is the highest common divisor of 102 and 4386?
102
Calculate the greatest common factor of 12740 and 140.
140
Calculate the highest common factor of 28485 and 30.
15
What is the greatest common factor of 637 and 105?
7
Calculate the highest common factor of 1962 and 126.
18
Calculate the highest common factor of 1711 and 118.
59
Calculate the highest common factor o